{"id":340,"date":"2025-03-06T13:45:48","date_gmt":"2025-03-06T12:45:48","guid":{"rendered":"https:\/\/www.cbkolin.cz\/?page_id=340"},"modified":"2025-06-23T19:14:38","modified_gmt":"2025-06-23T17:14:38","slug":"lavina","status":"publish","type":"page","link":"https:\/\/www.cbkolin.cz\/?page_id=340","title":{"rendered":"LAVINA"},"content":{"rendered":"\n<p>Klub pro d\u011bti prvn\u00ed a\u017e dev\u00e1t\u00e9 t\u0159\u00eddy Z\u00e1kladn\u00ed \u0161koly. Hrajeme v n\u011bm z\u00e1bavn\u00e9 hry a bav\u00edme se o d\u016fle\u017eit\u00fdch t\u00e9matem ve skupin\u00e1ch odstup\u0148ovan\u00fdch podle v\u011bku. Na ja\u0159e a na podzim s d\u011btmi obvykle pro\u017eijeme cel\u00fd v\u00edkend a v l\u00e9t\u011b jezd\u00edme na t\u00e1bor (<a href=\"https:\/\/docs.google.com\/forms\/d\/e\/1FAIpQLSdGnEU9NRJmno4DkWLePIKNW6yd5PGx7_WuK2Uly8XIPIfeWA\/viewform\">t\u00e1bor<\/a>).<\/p>\n\n\n\n<p><\/p>\n","protected":false},"excerpt":{"rendered":"<p>Klub pro d\u011bti prvn\u00ed a\u017e dev\u00e1t\u00e9 t\u0159\u00eddy Z\u00e1kladn\u00ed \u0161koly. Hrajeme v n\u011bm z\u00e1bavn\u00e9 hry a [&hellip;]<\/p>\n","protected":false},"author":1,"featured_media":0,"parent":0,"menu_order":0,"comment_status":"closed","ping_status":"closed","template":"","meta":{"footnotes":""},"class_list":["post-340","page","type-page","status-publish","hentry"],"_links":{"self":[{"href":"https:\/\/www.cbkolin.cz\/index.php?rest_route=\/wp\/v2\/pages\/340","targetHints":{"allow":["GET"]}}],"collection":[{"href":"https:\/\/www.cbkolin.cz\/index.php?rest_route=\/wp\/v2\/pages"}],"about":[{"href":"https:\/\/www.cbkolin.cz\/index.php?rest_route=\/wp\/v2\/types\/page"}],"author":[{"embeddable":true,"href":"https:\/\/www.cbkolin.cz\/index.php?rest_route=\/wp\/v2\/users\/1"}],"replies":[{"embeddable":true,"href":"https:\/\/www.cbkolin.cz\/index.php?rest_route=%2Fwp%2Fv2%2Fcomments&post=340"}],"version-history":[{"count":3,"href":"https:\/\/www.cbkolin.cz\/index.php?rest_route=\/wp\/v2\/pages\/340\/revisions"}],"predecessor-version":[{"id":608,"href":"https:\/\/www.cbkolin.cz\/index.php?rest_route=\/wp\/v2\/pages\/340\/revisions\/608"}],"wp:attachment":[{"href":"https:\/\/www.cbkolin.cz\/index.php?rest_route=%2Fwp%2Fv2%2Fmedia&parent=340"}],"curies":[{"name":"wp","href":"https:\/\/api.w.org\/{rel}","templated":true}]}}