{"id":513,"date":"2025-03-31T07:15:40","date_gmt":"2025-03-31T05:15:40","guid":{"rendered":"https:\/\/www.cbkolin.cz\/?page_id=513"},"modified":"2025-03-31T07:15:40","modified_gmt":"2025-03-31T05:15:40","slug":"biblicky-vers","status":"publish","type":"page","link":"https:\/\/www.cbkolin.cz\/?page_id=513","title":{"rendered":"Biblick\u00fd ver\u0161"},"content":{"rendered":"<p class=\"wp-block-dailyverses-bible-verse-of-the-day\">\n\tI kdy\u017e m\u00e9 t\u011blo i srdce str\u00e1daj\u00ed&#44; B\u016fh je m\u00e1 s\u00edla&#44; m\u016fj pod\u00edl nav\u011bky!<br \/><a href=\"https:\/\/dailyverses.net\/cs\/2026\/4\/12\/b21\" rel=\"noopener\" target=\"_blank\">\u017dalm 73:26<\/a><\/p>\n","protected":false},"excerpt":{"rendered":"","protected":false},"author":1,"featured_media":0,"parent":0,"menu_order":0,"comment_status":"closed","ping_status":"closed","template":"","meta":{"footnotes":""},"class_list":["post-513","page","type-page","status-publish","hentry"],"_links":{"self":[{"href":"https:\/\/www.cbkolin.cz\/index.php?rest_route=\/wp\/v2\/pages\/513","targetHints":{"allow":["GET"]}}],"collection":[{"href":"https:\/\/www.cbkolin.cz\/index.php?rest_route=\/wp\/v2\/pages"}],"about":[{"href":"https:\/\/www.cbkolin.cz\/index.php?rest_route=\/wp\/v2\/types\/page"}],"author":[{"embeddable":true,"href":"https:\/\/www.cbkolin.cz\/index.php?rest_route=\/wp\/v2\/users\/1"}],"replies":[{"embeddable":true,"href":"https:\/\/www.cbkolin.cz\/index.php?rest_route=%2Fwp%2Fv2%2Fcomments&post=513"}],"version-history":[{"count":1,"href":"https:\/\/www.cbkolin.cz\/index.php?rest_route=\/wp\/v2\/pages\/513\/revisions"}],"predecessor-version":[{"id":514,"href":"https:\/\/www.cbkolin.cz\/index.php?rest_route=\/wp\/v2\/pages\/513\/revisions\/514"}],"wp:attachment":[{"href":"https:\/\/www.cbkolin.cz\/index.php?rest_route=%2Fwp%2Fv2%2Fmedia&parent=513"}],"curies":[{"name":"wp","href":"https:\/\/api.w.org\/{rel}","templated":true}]}}